{"id":886,"date":"2025-01-16T12:43:13","date_gmt":"2025-01-16T11:43:13","guid":{"rendered":"https:\/\/inspire-sport.com\/?page_id=886"},"modified":"2025-01-28T14:34:29","modified_gmt":"2025-01-28T13:34:29","slug":"unase-a-nosotros","status":"publish","type":"page","link":"https:\/\/inspire-sport.com\/index.php\/es\/unase-a-nosotros\/","title":{"rendered":"\u00danase a nosotros"},"content":{"rendered":"\n<figure class=\"wp-block-image size-full is-resized\"><img loading=\"lazy\" decoding=\"async\" width=\"1015\" height=\"677\" src=\"https:\/\/inspire-sport.com\/wp-content\/uploads\/2025\/01\/nous_rejoindre-3.png\" alt=\"\" class=\"wp-image-1190\" style=\"width:524px;height:auto\" srcset=\"https:\/\/inspire-sport.com\/wp-content\/uploads\/2025\/01\/nous_rejoindre-3.png 1015w, https:\/\/inspire-sport.com\/wp-content\/uploads\/2025\/01\/nous_rejoindre-3-300x200.png 300w, https:\/\/inspire-sport.com\/wp-content\/uploads\/2025\/01\/nous_rejoindre-3-768x512.png 768w, https:\/\/inspire-sport.com\/wp-content\/uploads\/2025\/01\/nous_rejoindre-3-930x620.png 930w\" sizes=\"auto, (max-width: 1015px) 100vw, 1015px\" \/><\/figure>\n\n\n\n<p class=\"has-text-align-center\"><\/p>\n\n\n\n<p class=\"has-medium-font-size\"><strong>\u00danete a ISC.PRO.WORLD &#8211; La Plataforma Global de F\u00fatbol<\/strong><\/p>\n\n\n\n<p class=\"has-medium-font-size\"><strong>Descubre los talentos del f\u00fatbol amateur mundial<\/strong><\/p>\n\n\n\n<ul class=\"wp-block-list\">\n<li>Acceso seguro: Reservado a clubes, empresas asociadas y talentos.<\/li>\n\n\n\n<li>Servicios exclusivos : Perfiles, an\u00e1lisis y contratos personalizados.<\/li>\n\n\n\n<li>Nuestra Misi\u00f3n: Mejorar el f\u00fatbol amateur, fomentar la participaci\u00f3n, promover la equidad y el desarrollo comunitario.<\/li>\n<\/ul>\n\n\n\n<p class=\"has-medium-font-size\"><strong>\u00bfPor qu\u00e9 ISC.PRO.WORLD?<\/strong><\/p>\n\n\n\n<ul class=\"wp-block-list\">\n<li><strong>Referenciaci\u00f3n mixta :<\/strong> Datos sobre deportistas, clubes, academias, federaciones y empresas.<\/li>\n\n\n\n<li><strong>Herramienta estrat\u00e9gica: <\/strong>Para clubes, federaciones, agentes, empresas, preparadores f\u00edsicos, m\u00e9dicos, etc.<\/li>\n<\/ul>\n\n\n\n<p class=\"has-medium-font-size\"><strong>Nuestros objetivos:<\/strong><\/p>\n\n\n\n<ul class=\"wp-block-list\">\n<li>Vincular el f\u00fatbol amateur y profesional.<\/li>\n\n\n\n<li>Eliminar barreras y promover intercambios universales.<\/li>\n\n\n\n<li>Crear empleo y mejorar las competencias de los deportistas.<\/li>\n\n\n\n<li>Mejorar la imagen de los deportistas de pa\u00edses emergentes.<\/li>\n\n\n\n<li>Asegurar los intercambios profesionales y mejorar la transparencia.<\/li>\n<\/ul>\n\n\n\n<p class=\"has-medium-font-size\"><strong>Plataformas de visibilidad :<\/strong><\/p>\n\n\n\n<ul class=\"wp-block-list\">\n<li>Redes sociales dedicadas: sensibilizar y compartir los logros deportivos.<\/li>\n\n\n\n<li>ISC TV: Retransmisi\u00f3n de partidos y v\u00eddeos individuales.<\/li>\n\n\n\n<li>Aplicaciones m\u00f3viles: Seguimiento de resultados y progresos deportivos. (Proyecto en fase de finalizaci\u00f3n)<\/li>\n<\/ul>\n\n\n\n<p class=\"has-medium-font-size\"><strong>Fomentar las asociaciones :<\/strong><\/p>\n\n\n\n<ul class=\"wp-block-list\">\n<li>Patrocinio local: Colaboraci\u00f3n con empresas locales.<\/li>\n\n\n\n<li>Clubes profesionales: Asociaciones para tutor\u00eda y equipamiento.<\/li>\n\n\n\n<li>Organizaciones internacionales: Programas de apoyo al f\u00fatbol aficionado.<\/li>\n<\/ul>\n\n\n\n<p><strong>Digitalizaci\u00f3n del f\u00fatbol aficionado:<\/strong><\/p>\n\n\n\n<ul class=\"wp-block-list\">\n<li>An\u00e1lisis de datos: Registro del rendimiento.<\/li>\n\n\n\n<li>Redes globales: Conexi\u00f3n de ligas y equipos aficionados.<\/li>\n<\/ul>\n\n\n\n<p>\u00danete a nosotros para transformar el f\u00fatbol aficionado y abrir nuevas oportunidades al talento en todo el mundo.<\/p>\n\n\n<div class=\"wpforms-container wpforms-container-full wpforms-block wpforms-block-8e29c129-4880-44c5-bf59-bb5d4750f819 wpforms-render-modern\" id=\"wpforms-1068\"><form id=\"wpforms-form-1068\" class=\"wpforms-validate wpforms-form wpforms-ajax-form\" data-formid=\"1068\" method=\"post\" enctype=\"multipart\/form-data\" action=\"\/index.php\/wp-json\/wp\/v2\/pages\/886\" data-token=\"65ffe2360777cbab08cef6d377a54fc8\" data-token-time=\"1777516382\"><noscript class=\"wpforms-error-noscript\">Veuillez activer JavaScript dans votre navigateur pour remplir ce formulaire.<\/noscript><div class=\"wpforms-hidden\" id=\"wpforms-error-noscript\">Veuillez activer JavaScript dans votre navigateur pour remplir ce formulaire.<\/div><div class=\"wpforms-field-container\"><div id=\"wpforms-1068-field_4-container\" class=\"wpforms-field wpforms-field-name\" data-field-id=\"4\"><label class=\"wpforms-field-label\" for=\"wpforms-1068-field_4\">Nombre <span class=\"wpforms-required-label\" aria-hidden=\"true\">*<\/span><\/label><input type=\"text\" id=\"wpforms-1068-field_4\" class=\"wpforms-field-medium wpforms-field-required\" name=\"wpforms[fields][4]\" aria-errormessage=\"wpforms-1068-field_4-error\" required><\/div><div id=\"wpforms-1068-field_5-container\" class=\"wpforms-field wpforms-field-text\" data-field-id=\"5\"><label class=\"wpforms-field-label\" for=\"wpforms-1068-field_5\">Apellido <span class=\"wpforms-required-label\" aria-hidden=\"true\">*<\/span><\/label><input type=\"text\" id=\"wpforms-1068-field_5\" class=\"wpforms-field-medium wpforms-field-required\" name=\"wpforms[fields][5]\" aria-errormessage=\"wpforms-1068-field_5-error\" required><\/div><div id=\"wpforms-1068-field_7-container\" class=\"wpforms-field wpforms-field-number\" data-field-id=\"7\"><label class=\"wpforms-field-label\" for=\"wpforms-1068-field_7\">Tel\u00e9fono <span class=\"wpforms-required-label\" aria-hidden=\"true\">*<\/span><\/label><input type=\"number\" id=\"wpforms-1068-field_7\" class=\"wpforms-field-medium wpforms-field-required\" name=\"wpforms[fields][7]\" aria-errormessage=\"wpforms-1068-field_7-error\" required><\/div><div id=\"wpforms-1068-field_1-container\" class=\"wpforms-field wpforms-field-email\" data-field-id=\"1\"><label class=\"wpforms-field-label\" for=\"wpforms-1068-field_1\">E-mail <span class=\"wpforms-required-label\" aria-hidden=\"true\">*<\/span><\/label><input type=\"email\" id=\"wpforms-1068-field_1\" class=\"wpforms-field-medium wpforms-field-required\" name=\"wpforms[fields][1]\" spellcheck=\"false\" aria-errormessage=\"wpforms-1068-field_1-error\" required><\/div><div id=\"wpforms-1068-field_6-container\" class=\"wpforms-field wpforms-field-text\" data-field-id=\"6\"><label class=\"wpforms-field-label\" for=\"wpforms-1068-field_6\">Domicilio postal <span class=\"wpforms-required-label\" aria-hidden=\"true\">*<\/span><\/label><input type=\"text\" id=\"wpforms-1068-field_6\" class=\"wpforms-field-medium wpforms-field-required\" name=\"wpforms[fields][6]\" aria-errormessage=\"wpforms-1068-field_6-error\" required><\/div><div id=\"wpforms-1068-field_8-container\" class=\"wpforms-field wpforms-field-text\" data-field-id=\"8\"><label class=\"wpforms-field-label\" for=\"wpforms-1068-field_8\">Compa\u00f1\u00eda <span class=\"wpforms-required-label\" aria-hidden=\"true\">*<\/span><\/label><input type=\"text\" id=\"wpforms-1068-field_8\" class=\"wpforms-field-medium wpforms-field-required\" name=\"wpforms[fields][8]\" aria-errormessage=\"wpforms-1068-field_8-error\" required><\/div><div id=\"wpforms-1068-field_3-container\" class=\"wpforms-field wpforms-field-select wpforms-field-select-style-classic\" data-field-id=\"3\"><label class=\"wpforms-field-label\" for=\"wpforms-1068-field_3\">Elija su nivel <span class=\"wpforms-required-label\" aria-hidden=\"true\">*<\/span><\/label><select id=\"wpforms-1068-field_3\" class=\"wpforms-field-medium wpforms-field-required\" name=\"wpforms[fields][3]\" required=\"required\"><option value=\"(NIVEL 1) Clubes profesionales, federaciones deportivas, federaciones escolares, ligas y distritos.\" >(NIVEL 1) Clubes profesionales, federaciones deportivas, federaciones escolares, ligas y distritos.<\/option><option value=\"(NIVEL 2) Reclutadores deportivos certificados, abogados deportivos, agentes de jugadores, periodistas deportivos.\" >(NIVEL 2) Reclutadores deportivos certificados, abogados deportivos, agentes de jugadores, periodistas deportivos.<\/option><option value=\"(NIVEL 3) Empresas (financieras, inmobiliarias, etc.)\" >(NIVEL 3) Empresas (financieras, inmobiliarias, etc.)<\/option><option value=\"(NIVEL 4) Entrenadores f\u00edsicos, entrenadores mentales, entrenadores especializados en diet\u00e9tica (vida sana)\" >(NIVEL 4) Entrenadores f\u00edsicos, entrenadores mentales, entrenadores especializados en diet\u00e9tica (vida sana)<\/option><option value=\"(NIVEL 5) Agencias de comunicaci\u00f3n y publicidad, fot\u00f3grafos, vide\u00f3grafos, impresores, influencers.\" >(NIVEL 5) Agencias de comunicaci\u00f3n y publicidad, fot\u00f3grafos, vide\u00f3grafos, impresores, influencers.<\/option><option value=\"(NIVEL 6) M\u00e9dicos deportivos, fisioterapeutas, pod\u00f3logos, oste\u00f3patas\" >(NIVEL 6) M\u00e9dicos deportivos, fisioterapeutas, pod\u00f3logos, oste\u00f3patas<\/option><\/select><\/div><div id=\"wpforms-1068-field_2-container\" class=\"wpforms-field wpforms-field-textarea\" data-field-id=\"2\"><label class=\"wpforms-field-label\" for=\"wpforms-1068-field_2\">Mensaje <span class=\"wpforms-required-label\" aria-hidden=\"true\">*<\/span><\/label><textarea id=\"wpforms-1068-field_2\" class=\"wpforms-field-medium wpforms-field-required\" name=\"wpforms[fields][2]\" aria-errormessage=\"wpforms-1068-field_2-error\" required><\/textarea><\/div><\/div><!-- .wpforms-field-container --><div class=\"wpforms-submit-container\" ><input type=\"hidden\" name=\"wpforms[id]\" value=\"1068\"><input type=\"hidden\" name=\"page_title\" value=\"\"><input type=\"hidden\" name=\"page_url\" value=\"https:\/\/inspire-sport.com\/index.php\/wp-json\/wp\/v2\/pages\/886\"><button type=\"submit\" name=\"wpforms[submit]\" id=\"wpforms-submit-1068\" class=\"wpforms-submit\" data-alt-text=\"Enviando\" data-submit-text=\"Enviar\" aria-live=\"assertive\" value=\"wpforms-submit\">Enviar<\/button><img loading=\"lazy\" decoding=\"async\" src=\"https:\/\/inspire-sport.com\/wp-content\/plugins\/wpforms-lite\/assets\/images\/submit-spin.svg\" class=\"wpforms-submit-spinner\" style=\"display: none;\" width=\"26\" height=\"26\" alt=\"Chargement en cours\"><\/div><\/form><\/div>  <!-- .wpforms-container -->","protected":false},"excerpt":{"rendered":"<p>\u00danete a ISC.PRO.WORLD &#8211; La Plataforma Global de F\u00fatbol Descubre los talentos del f\u00fatbol amateur mundial \u00bfPor qu\u00e9 ISC.PRO.WORLD? Nuestros objetivos: Plataformas de visibilidad : Fomentar las asociaciones : Digitalizaci\u00f3n del f\u00fatbol aficionado: \u00danete a nosotros para transformar el f\u00fatbol aficionado y abrir nuevas oportunidades al talento en todo el mundo.<\/p>\n","protected":false},"author":1,"featured_media":0,"parent":0,"menu_order":0,"comment_status":"closed","ping_status":"closed","template":"","meta":{"neve_meta_sidebar":"","neve_meta_container":"","neve_meta_enable_content_width":"","neve_meta_content_width":0,"neve_meta_title_alignment":"","neve_meta_author_avatar":"","neve_post_elements_order":"","neve_meta_disable_header":"","neve_meta_disable_footer":"","neve_meta_disable_title":"","_themeisle_gutenberg_block_has_review":false,"_ti_tpc_template_sync":false,"_ti_tpc_template_id":"","footnotes":""},"folder":[35],"class_list":["post-886","page","type-page","status-publish","hentry"],"_links":{"self":[{"href":"https:\/\/inspire-sport.com\/index.php\/wp-json\/wp\/v2\/pages\/886","targetHints":{"allow":["GET"]}}],"collection":[{"href":"https:\/\/inspire-sport.com\/index.php\/wp-json\/wp\/v2\/pages"}],"about":[{"href":"https:\/\/inspire-sport.com\/index.php\/wp-json\/wp\/v2\/types\/page"}],"author":[{"embeddable":true,"href":"https:\/\/inspire-sport.com\/index.php\/wp-json\/wp\/v2\/users\/1"}],"replies":[{"embeddable":true,"href":"https:\/\/inspire-sport.com\/index.php\/wp-json\/wp\/v2\/comments?post=886"}],"version-history":[{"count":15,"href":"https:\/\/inspire-sport.com\/index.php\/wp-json\/wp\/v2\/pages\/886\/revisions"}],"predecessor-version":[{"id":1193,"href":"https:\/\/inspire-sport.com\/index.php\/wp-json\/wp\/v2\/pages\/886\/revisions\/1193"}],"wp:attachment":[{"href":"https:\/\/inspire-sport.com\/index.php\/wp-json\/wp\/v2\/media?parent=886"}],"wp:term":[{"taxonomy":"folder","embeddable":true,"href":"https:\/\/inspire-sport.com\/index.php\/wp-json\/wp\/v2\/folder?post=886"}],"curies":[{"name":"wp","href":"https:\/\/api.w.org\/{rel}","templated":true}]}}