{"id":739,"date":"2024-12-16T19:11:16","date_gmt":"2024-12-16T18:11:16","guid":{"rendered":"https:\/\/inspire-sport.com\/?page_id=739"},"modified":"2025-01-29T16:04:43","modified_gmt":"2025-01-29T15:04:43","slug":"un-don-un-sponsor-du-mecenat-pourquoi","status":"publish","type":"page","link":"https:\/\/inspire-sport.com\/index.php\/un-don-un-sponsor-du-mecenat-pourquoi\/","title":{"rendered":"Don"},"content":{"rendered":"\n<figure class=\"wp-block-image size-full is-resized\"><img loading=\"lazy\" decoding=\"async\" width=\"1006\" height=\"663\" src=\"https:\/\/inspire-sport.com\/wp-content\/uploads\/2025\/01\/don-1.png\" alt=\"\" class=\"wp-image-1194\" style=\"width:485px;height:auto\" srcset=\"https:\/\/inspire-sport.com\/wp-content\/uploads\/2025\/01\/don-1.png 1006w, https:\/\/inspire-sport.com\/wp-content\/uploads\/2025\/01\/don-1-300x198.png 300w, https:\/\/inspire-sport.com\/wp-content\/uploads\/2025\/01\/don-1-768x506.png 768w\" sizes=\"auto, (max-width: 1006px) 100vw, 1006px\" \/><\/figure>\n\n\n\n<p class=\"has-medium-font-size\"><strong>Un Engagement Fort \u00e0 Travers le Football &amp; Sport<\/strong>&nbsp;<\/p>\n\n\n\n<p class=\"has-medium-font-size\">Notre soci\u00e9t\u00e9 s&#8217;engage \u00e0 soutenir, par le biais du football, les enfants et adolescents (filles et gar\u00e7ons) ainsi que leurs familles en situation de pr\u00e9carit\u00e9 ou victimes de discriminations \u00e0 travers le monde.<\/p>\n\n\n\n<h3 class=\"wp-block-heading has-medium-font-size\">Un Projet Social Global<\/h3>\n\n\n\n<p>Sous l&#8217;initiative \u00ab La vie des autres compte aussi \u00bb, nous menons des actions marketing et \u00e9v\u00e9nementielles int\u00e9grant des volets sociaux, sanitaires, sportifs et culturels. Ces initiatives incluent l&#8217;organisation de tournois et de stages culturels \u00e0 l\u2019\u00e9chelle nationale et internationale, offrant aux jeunes des opportunit\u00e9s de voyages \u00e9ducatifs et enrichissants.<\/p>\n\n\n\n<h3 class=\"wp-block-heading has-medium-font-size\">Pourquoi Nous Aider ?<\/h3>\n\n\n\n<p class=\"has-medium-font-size\">Nous faisons face \u00e0 des d\u00e9fis \u00e9conomiques majeurs pour financer :<\/p>\n\n\n\n<ul class=\"wp-block-list\">\n<li class=\"has-medium-font-size\">Les d\u00e9marches administratives et frais de visas.<\/li>\n\n\n\n<li class=\"has-medium-font-size\">Les soins m\u00e9dicaux li\u00e9s \u00e0 des \u00e9pid\u00e9mies touchant femmes et enfants.<\/li>\n\n\n\n<li class=\"has-medium-font-size\">L\u2019acc\u00e8s \u00e0 la nourriture et aux fournitures scolaires.<\/li>\n\n\n\n<li class=\"has-medium-font-size\">Les projets d\u2019acc\u00e8s \u00e0 l\u2019eau potable et le soutien aux orphelins.<\/li>\n\n\n\n<li class=\"has-medium-font-size\">La r\u00e9duction des obstacles g\u00e9ographiques privant de nombreux enfants d\u2019un avenir meilleur.<\/li>\n<\/ul>\n\n\n\n<h3 class=\"wp-block-heading has-medium-font-size\">Notre Vision<\/h3>\n\n\n\n<p class=\"has-medium-font-size\">Nous croyons en un monde plus humain, riche de sa diversit\u00e9 mais marqu\u00e9 par des in\u00e9galit\u00e9s que nous pouvons att\u00e9nuer. \u00c0 travers le football, nous \u0153uvrons pour un avenir meilleur, en apportant espoir et transformation aux communaut\u00e9s vuln\u00e9rables.<\/p>\n\n\n\n<p class=\"has-medium-font-size\">Votre soutien est essentiel. Ensemble, cr\u00e9ons un mod\u00e8le de solidarit\u00e9 et d&#8217;exemplarit\u00e9, et contribuons \u00e0 changer des vies.<\/p>\n\n\n\n<div class=\"wp-block-file\"><a id=\"wp-block-file--media-ba0ddb2e-5051-4f50-8a08-8bed1eb9dd36\" href=\"https:\/\/inspire-sport.com\/wp-content\/uploads\/2025\/01\/FORMULAIRE-DEPOT-DONS-MECENAT-SPONSORING-1.pdf\">FORMULAIRE DEPOT DONS MECENAT SPONSORING<\/a><a href=\"https:\/\/inspire-sport.com\/wp-content\/uploads\/2025\/01\/FORMULAIRE-DEPOT-DONS-MECENAT-SPONSORING-1.pdf\" class=\"wp-block-file__button wp-element-button\" download aria-describedby=\"wp-block-file--media-ba0ddb2e-5051-4f50-8a08-8bed1eb9dd36\">T\u00e9l\u00e9charger<\/a><\/div>\n","protected":false},"excerpt":{"rendered":"<p>Un Engagement Fort \u00e0 Travers le Football &amp; Sport&nbsp; Notre soci\u00e9t\u00e9 s&#8217;engage \u00e0 soutenir, par le biais du football, les enfants et adolescents (filles et gar\u00e7ons) ainsi que leurs familles en situation de pr\u00e9carit\u00e9 ou victimes de discriminations \u00e0 travers le monde. Un Projet Social Global Sous l&#8217;initiative \u00ab La vie des autres compte aussi&hellip;&nbsp;<a href=\"https:\/\/inspire-sport.com\/index.php\/un-don-un-sponsor-du-mecenat-pourquoi\/\" class=\"\" rel=\"bookmark\">Lire la suite &raquo;<span class=\"screen-reader-text\">Don<\/span><\/a><\/p>\n","protected":false},"author":1,"featured_media":0,"parent":0,"menu_order":0,"comment_status":"closed","ping_status":"closed","template":"","meta":{"neve_meta_sidebar":"","neve_meta_container":"","neve_meta_enable_content_width":"","neve_meta_content_width":0,"neve_meta_title_alignment":"","neve_meta_author_avatar":"","neve_post_elements_order":"","neve_meta_disable_header":"","neve_meta_disable_footer":"","neve_meta_disable_title":"","_themeisle_gutenberg_block_has_review":false,"_ti_tpc_template_sync":false,"_ti_tpc_template_id":"","footnotes":""},"folder":[33],"class_list":["post-739","page","type-page","status-publish","hentry"],"_links":{"self":[{"href":"https:\/\/inspire-sport.com\/index.php\/wp-json\/wp\/v2\/pages\/739","targetHints":{"allow":["GET"]}}],"collection":[{"href":"https:\/\/inspire-sport.com\/index.php\/wp-json\/wp\/v2\/pages"}],"about":[{"href":"https:\/\/inspire-sport.com\/index.php\/wp-json\/wp\/v2\/types\/page"}],"author":[{"embeddable":true,"href":"https:\/\/inspire-sport.com\/index.php\/wp-json\/wp\/v2\/users\/1"}],"replies":[{"embeddable":true,"href":"https:\/\/inspire-sport.com\/index.php\/wp-json\/wp\/v2\/comments?post=739"}],"version-history":[{"count":10,"href":"https:\/\/inspire-sport.com\/index.php\/wp-json\/wp\/v2\/pages\/739\/revisions"}],"predecessor-version":[{"id":1258,"href":"https:\/\/inspire-sport.com\/index.php\/wp-json\/wp\/v2\/pages\/739\/revisions\/1258"}],"wp:attachment":[{"href":"https:\/\/inspire-sport.com\/index.php\/wp-json\/wp\/v2\/media?parent=739"}],"wp:term":[{"taxonomy":"folder","embeddable":true,"href":"https:\/\/inspire-sport.com\/index.php\/wp-json\/wp\/v2\/folder?post=739"}],"curies":[{"name":"wp","href":"https:\/\/api.w.org\/{rel}","templated":true}]}}