{"id":1280,"date":"2025-01-29T16:42:21","date_gmt":"2025-01-29T15:42:21","guid":{"rendered":"https:\/\/inspire-sport.com\/?page_id=1280"},"modified":"2025-01-29T17:07:49","modified_gmt":"2025-01-29T16:07:49","slug":"junte-se","status":"publish","type":"page","link":"https:\/\/inspire-sport.com\/index.php\/pt\/junte-se\/","title":{"rendered":"Juntar-se a n\u00f3s"},"content":{"rendered":"\n<figure class=\"wp-block-image size-full is-resized\"><img loading=\"lazy\" decoding=\"async\" width=\"1015\" height=\"677\" src=\"https:\/\/inspire-sport.com\/wp-content\/uploads\/2025\/01\/nous_rejoindre-3.png\" alt=\"\" class=\"wp-image-1190\" style=\"width:524px;height:auto\" srcset=\"https:\/\/inspire-sport.com\/wp-content\/uploads\/2025\/01\/nous_rejoindre-3.png 1015w, https:\/\/inspire-sport.com\/wp-content\/uploads\/2025\/01\/nous_rejoindre-3-300x200.png 300w, https:\/\/inspire-sport.com\/wp-content\/uploads\/2025\/01\/nous_rejoindre-3-768x512.png 768w, https:\/\/inspire-sport.com\/wp-content\/uploads\/2025\/01\/nous_rejoindre-3-930x620.png 930w\" sizes=\"auto, (max-width: 1015px) 100vw, 1015px\" \/><\/figure>\n\n\n\n<p class=\"has-text-align-center\"><\/p>\n\n\n\n<h3 class=\"wp-block-heading\">Junte-se ao ISC.PRO.WORLD &#8211; A Plataforma Global do Futebol<\/h3>\n\n\n\n<p><strong>Descubra os talentos do futebol amador mundial<\/strong><\/p>\n\n\n\n<ul class=\"wp-block-list\">\n<li>Acesso seguro: Reservado aos clubes, empresas parceiras e talentos.<\/li>\n\n\n\n<li>Servi\u00e7os exclusivos : Perfis, an\u00e1lises e contratos personalizados.<\/li>\n\n\n\n<li>A nossa miss\u00e3o: Valorizar o futebol amador, encorajar a participa\u00e7\u00e3o, promover a equidade e o desenvolvimento da comunidade.<\/li>\n<\/ul>\n\n\n\n<p><strong>Porqu\u00ea ISC.PRO.WORLD ?<\/strong><\/p>\n\n\n\n<ul class=\"wp-block-list\">\n<li>Arbitragem mista : Dados sobre atletas, clubes, academias, federa\u00e7\u00f5es e empresas.<\/li>\n\n\n\n<li>Ferramenta estrat\u00e9gica: Para clubes, federa\u00e7\u00f5es, agentes, empresas, preparadores f\u00edsicos, m\u00e9dicos e muito mais.<\/li>\n<\/ul>\n\n\n\n<p><strong>Os nossos objectivos <\/strong>:<\/p>\n\n\n\n<ul class=\"wp-block-list\">\n<li>Estabelecer a liga\u00e7\u00e3o entre o futebol amador e o futebol profissional.<\/li>\n\n\n\n<li>Eliminar as barreiras e favorecer os interc\u00e2mbios universais.<\/li>\n\n\n\n<li>Criar empregos e desenvolver as compet\u00eancias dos desportistas.<\/li>\n\n\n\n<li>Valorizar os desportistas dos pa\u00edses emergentes.<\/li>\n\n\n\n<li>Assegurar os interc\u00e2mbios profissionais e melhorar a transpar\u00eancia.<\/li>\n<\/ul>\n\n\n\n<p><strong>Plataformas de visibilidade :<\/strong><\/p>\n\n\n\n<ul class=\"wp-block-list\">\n<li>Redes sociais dedicadas: sensibiliza\u00e7\u00e3o e partilha de feitos desportivos.<\/li>\n\n\n\n<li>ISC TV: transmiss\u00e3o de jogos e v\u00eddeos individuais.<\/li>\n\n\n\n<li>Aplica\u00e7\u00f5es m\u00f3veis: acompanhamento dos resultados e da evolu\u00e7\u00e3o desportiva. (Projeto em fase de finaliza\u00e7\u00e3o)<\/li>\n<\/ul>\n\n\n\n<p><strong>Incentivo \u00e0s parcerias :<\/strong><\/p>\n\n\n\n<ul class=\"wp-block-list\">\n<li>Patroc\u00ednio local: Colabora\u00e7\u00e3o com empresas locais.<\/li>\n\n\n\n<li>Clubes profissionais: Parcerias para tutoria e equipamento.<\/li>\n\n\n\n<li>Organiza\u00e7\u00f5es internacionais: programas de apoio ao futebol amador.<\/li>\n<\/ul>\n\n\n\n<p><strong>Digitaliza\u00e7\u00e3o do futebol amador:<\/strong><\/p>\n\n\n\n<ul class=\"wp-block-list\">\n<li>An\u00e1lise de dados: Registo de desempenhos.<\/li>\n\n\n\n<li>Rede global: Ligar ligas e equipas amadoras.<\/li>\n<\/ul>\n\n\n\n<p>Junte-se a n\u00f3s na transforma\u00e7\u00e3o do futebol amador e na abertura de novas oportunidades para talentos de todo o mundo.<\/p>\n\n\n<div class=\"wpforms-container wpforms-container-full wpforms-block wpforms-block-85415d87-6ea4-4775-9c70-18fb1ca8b97f wpforms-render-modern\" id=\"wpforms-1304\"><form id=\"wpforms-form-1304\" class=\"wpforms-validate wpforms-form wpforms-ajax-form\" data-formid=\"1304\" method=\"post\" enctype=\"multipart\/form-data\" action=\"\/index.php\/wp-json\/wp\/v2\/pages\/1280\" data-token=\"540205b3f2a366420b313d73b4b414c5\" data-token-time=\"1777515819\"><noscript class=\"wpforms-error-noscript\">Veuillez activer JavaScript dans votre navigateur pour remplir ce formulaire.<\/noscript><div class=\"wpforms-hidden\" id=\"wpforms-error-noscript\">Veuillez activer JavaScript dans votre navigateur pour remplir ce formulaire.<\/div><div class=\"wpforms-field-container\"><div id=\"wpforms-1304-field_4-container\" class=\"wpforms-field wpforms-field-name\" data-field-id=\"4\"><label class=\"wpforms-field-label\" for=\"wpforms-1304-field_4\">Nome <span class=\"wpforms-required-label\" aria-hidden=\"true\">*<\/span><\/label><input type=\"text\" id=\"wpforms-1304-field_4\" class=\"wpforms-field-medium wpforms-field-required\" name=\"wpforms[fields][4]\" aria-errormessage=\"wpforms-1304-field_4-error\" required><\/div><div id=\"wpforms-1304-field_5-container\" class=\"wpforms-field wpforms-field-name\" data-field-id=\"5\"><label class=\"wpforms-field-label\" for=\"wpforms-1304-field_5\">Apelido <span class=\"wpforms-required-label\" aria-hidden=\"true\">*<\/span><\/label><input type=\"text\" id=\"wpforms-1304-field_5\" class=\"wpforms-field-medium wpforms-field-required\" name=\"wpforms[fields][5]\" aria-errormessage=\"wpforms-1304-field_5-error\" required><\/div><div id=\"wpforms-1304-field_8-container\" class=\"wpforms-field wpforms-field-number\" data-field-id=\"8\"><label class=\"wpforms-field-label\" for=\"wpforms-1304-field_8\">Telefone <span class=\"wpforms-required-label\" aria-hidden=\"true\">*<\/span><\/label><input type=\"number\" id=\"wpforms-1304-field_8\" class=\"wpforms-field-medium wpforms-field-required\" name=\"wpforms[fields][8]\" aria-errormessage=\"wpforms-1304-field_8-error\" required><\/div><div id=\"wpforms-1304-field_1-container\" class=\"wpforms-field wpforms-field-email\" data-field-id=\"1\"><label class=\"wpforms-field-label\" for=\"wpforms-1304-field_1\">E-mail <span class=\"wpforms-required-label\" aria-hidden=\"true\">*<\/span><\/label><input type=\"email\" id=\"wpforms-1304-field_1\" class=\"wpforms-field-medium wpforms-field-required\" name=\"wpforms[fields][1]\" spellcheck=\"false\" aria-errormessage=\"wpforms-1304-field_1-error\" required><\/div><div id=\"wpforms-1304-field_6-container\" class=\"wpforms-field wpforms-field-text\" data-field-id=\"6\"><label class=\"wpforms-field-label\" for=\"wpforms-1304-field_6\">Endere\u00e7o <span class=\"wpforms-required-label\" aria-hidden=\"true\">*<\/span><\/label><input type=\"text\" id=\"wpforms-1304-field_6\" class=\"wpforms-field-medium wpforms-field-required\" name=\"wpforms[fields][6]\" aria-errormessage=\"wpforms-1304-field_6-error\" required><\/div><div id=\"wpforms-1304-field_7-container\" class=\"wpforms-field wpforms-field-text\" data-field-id=\"7\"><label class=\"wpforms-field-label\" for=\"wpforms-1304-field_7\">Empresa <span class=\"wpforms-required-label\" aria-hidden=\"true\">*<\/span><\/label><input type=\"text\" id=\"wpforms-1304-field_7\" class=\"wpforms-field-medium wpforms-field-required\" name=\"wpforms[fields][7]\" aria-errormessage=\"wpforms-1304-field_7-error\" required><\/div><div id=\"wpforms-1304-field_3-container\" class=\"wpforms-field wpforms-field-select wpforms-field-select-style-classic\" data-field-id=\"3\"><label class=\"wpforms-field-label\" for=\"wpforms-1304-field_3\">Escolha o seu n\u00edvel <span class=\"wpforms-required-label\" aria-hidden=\"true\">*<\/span><\/label><select id=\"wpforms-1304-field_3\" class=\"wpforms-field-medium wpforms-field-required\" name=\"wpforms[fields][3]\" required=\"required\"><option value=\"(N\u00cdVEL 1) Clubes profissionais, federa\u00e7\u00f5es desportivas, federa\u00e7\u00f5es escolares, ligas e distritos.\" >(N\u00cdVEL 1) Clubes profissionais, federa\u00e7\u00f5es desportivas, federa\u00e7\u00f5es escolares, ligas e distritos.<\/option><option value=\"(N\u00cdVEL 2) Recrutadores desportivos certificados, advogados desportivos, agentes de jogadores, jornalistas desportivos.\" >(N\u00cdVEL 2) Recrutadores desportivos certificados, advogados desportivos, agentes de jogadores, jornalistas desportivos.<\/option><option value=\"(N\u00cdVEL 3) Empresas (Financeiras, Imobili\u00e1rias, etc.)\" >(N\u00cdVEL 3) Empresas (Financeiras, Imobili\u00e1rias, etc.)<\/option><option value=\"(N\u00cdVEL 4) Preparadores f\u00edsicos, preparadores mentais, preparadores especializados em diet\u00e9tica (vida saud\u00e1vel)\" >(N\u00cdVEL 4) Preparadores f\u00edsicos, preparadores mentais, preparadores especializados em diet\u00e9tica (vida saud\u00e1vel)<\/option><option value=\"(N\u00cdVEL 5) Ag\u00eancias de comunica\u00e7\u00e3o e publicidade, fot\u00f3grafos, vide\u00f3grafos, gr\u00e1ficas, influenciadores.\" >(N\u00cdVEL 5) Ag\u00eancias de comunica\u00e7\u00e3o e publicidade, fot\u00f3grafos, vide\u00f3grafos, gr\u00e1ficas, influenciadores.<\/option><option value=\"(N\u00cdVEL 6) M\u00e9dicos desportivos, fisioterapeutas, quiropodistas, osteopatas\" >(N\u00cdVEL 6) M\u00e9dicos desportivos, fisioterapeutas, quiropodistas, osteopatas<\/option><\/select><\/div><div id=\"wpforms-1304-field_2-container\" class=\"wpforms-field wpforms-field-textarea\" data-field-id=\"2\"><label class=\"wpforms-field-label\" for=\"wpforms-1304-field_2\">Mensagem <span class=\"wpforms-required-label\" aria-hidden=\"true\">*<\/span><\/label><textarea id=\"wpforms-1304-field_2\" class=\"wpforms-field-medium wpforms-field-required\" name=\"wpforms[fields][2]\" aria-errormessage=\"wpforms-1304-field_2-error\" required><\/textarea><\/div><\/div><!-- .wpforms-field-container --><div class=\"wpforms-submit-container\" ><input type=\"hidden\" name=\"wpforms[id]\" value=\"1304\"><input type=\"hidden\" name=\"page_title\" value=\"\"><input type=\"hidden\" name=\"page_url\" value=\"https:\/\/inspire-sport.com\/index.php\/wp-json\/wp\/v2\/pages\/1280\"><button type=\"submit\" name=\"wpforms[submit]\" id=\"wpforms-submit-1304\" class=\"wpforms-submit\" data-alt-text=\"Enviando...\" data-submit-text=\"Enviar\" aria-live=\"assertive\" value=\"wpforms-submit\">Enviar<\/button><img loading=\"lazy\" decoding=\"async\" src=\"https:\/\/inspire-sport.com\/wp-content\/plugins\/wpforms-lite\/assets\/images\/submit-spin.svg\" class=\"wpforms-submit-spinner\" style=\"display: none;\" width=\"26\" height=\"26\" alt=\"Chargement en cours\"><\/div><\/form><\/div>  <!-- .wpforms-container -->","protected":false},"excerpt":{"rendered":"<p>Junte-se ao ISC.PRO.WORLD &#8211; A Plataforma Global do Futebol Descubra os talentos do futebol amador mundial Porqu\u00ea ISC.PRO.WORLD ? Os nossos objectivos : Plataformas de visibilidade : Incentivo \u00e0s parcerias : Digitaliza\u00e7\u00e3o do futebol amador: Junte-se a n\u00f3s na transforma\u00e7\u00e3o do futebol amador e na abertura de novas oportunidades para talentos de todo o mundo.<\/p>\n","protected":false},"author":1,"featured_media":0,"parent":0,"menu_order":0,"comment_status":"closed","ping_status":"closed","template":"","meta":{"neve_meta_sidebar":"","neve_meta_container":"","neve_meta_enable_content_width":"","neve_meta_content_width":0,"neve_meta_title_alignment":"","neve_meta_author_avatar":"","neve_post_elements_order":"","neve_meta_disable_header":"","neve_meta_disable_footer":"","neve_meta_disable_title":"","_themeisle_gutenberg_block_has_review":false,"_ti_tpc_template_sync":false,"_ti_tpc_template_id":"","footnotes":""},"folder":[36],"class_list":["post-1280","page","type-page","status-publish","hentry"],"_links":{"self":[{"href":"https:\/\/inspire-sport.com\/index.php\/wp-json\/wp\/v2\/pages\/1280","targetHints":{"allow":["GET"]}}],"collection":[{"href":"https:\/\/inspire-sport.com\/index.php\/wp-json\/wp\/v2\/pages"}],"about":[{"href":"https:\/\/inspire-sport.com\/index.php\/wp-json\/wp\/v2\/types\/page"}],"author":[{"embeddable":true,"href":"https:\/\/inspire-sport.com\/index.php\/wp-json\/wp\/v2\/users\/1"}],"replies":[{"embeddable":true,"href":"https:\/\/inspire-sport.com\/index.php\/wp-json\/wp\/v2\/comments?post=1280"}],"version-history":[{"count":4,"href":"https:\/\/inspire-sport.com\/index.php\/wp-json\/wp\/v2\/pages\/1280\/revisions"}],"predecessor-version":[{"id":1316,"href":"https:\/\/inspire-sport.com\/index.php\/wp-json\/wp\/v2\/pages\/1280\/revisions\/1316"}],"wp:attachment":[{"href":"https:\/\/inspire-sport.com\/index.php\/wp-json\/wp\/v2\/media?parent=1280"}],"wp:term":[{"taxonomy":"folder","embeddable":true,"href":"https:\/\/inspire-sport.com\/index.php\/wp-json\/wp\/v2\/folder?post=1280"}],"curies":[{"name":"wp","href":"https:\/\/api.w.org\/{rel}","templated":true}]}}